 - 70. Let v be w(11). What is the tens digit of (-1364)/(-5) + ((-32)/v)/(-4)?
7
Let j be (-4 - 6 - -9)*(170 - 1). Let a = 407 - j. What is the units digit of a?
6
What is the ten thousands digit of 149827/9 + (-340)/36 + 9?
1
Let b(c) = 14*c**3 + 20*c**2 - 57*c - 58. What is the ten thousands digit of b(12)?
2
Suppose 2*l + 10 = 0, -5*h - 3*l + 3 + 17 = 0. What is the hundreds digit of (-35)/h + 1134/2?
5
Suppose -2*z = 48*z - 600. Suppose 0 = -z*p - 8*p + 32080. What is the hundreds digit of p?
6
Let i(z) = -z**2 - 19*z + 37. Let j be i(-18). Suppose b = -206 - j. Let q = -72 - b. What is the hundreds digit of q?
1
Let v be (-4088)/(-365) + 12/(-10). Suppose -v = -2*s, -s + 796 = -2*k + 3211. What is the thousands digit of k?
1
Suppose s - 3*o - 65026 = 0, -2*s + 32555 = -5*o - 97494. What is the units digit of s?
7
Let z(o) = -69*o**3 - o**2 - 23*o - 118. What is the thousands digit of z(-10)?
9
Let i = -423 - -423. Let d(j) = 9*j**2 - 2*j. Let b be d(4). Suppose 4*y + v = b, -2*y + 78 = -2*v - i*v. What is the tens digit of y?
3
Let b(o) = -o**3 + 4*o**2 + 2*o + 6. Let r be b(6). Let g = 52 + r. What is the tens digit of (-200)/g + -3 - -1?
9
Suppose -142973 - 158644 = -320*r + 928463. What is the units digit of r?
4
Let a(q) = 2*q**3 - 26*q**2 + 20*q + 44. Let t be a(12). Let o(n) be the first derivative of 2*n**3/3 - 17*n**2/2 + n - 3. What is the hundreds digit of o(t)?
1
Let s = -36970 - -68975. What is the hundreds digit of s?
0
Let q = -38 - -43. Suppose 0*g = -q*g + 20. Suppose -4*k = 2*i - 10 - 304, g*k - i - 317 = 0. What is the tens digit of k?
7
Let q = -54 - -141. Suppose -86*d = -q*d + 50. Let c = 107 - d. What is the units digit of c?
7
Let p(z) = -z**3 - 4*z**2 - 3*z + 1. Let h be p(6). Let s = -225 - h. What is the units digit of s?
2
Let a(i) = i**3 + 3*i**2 - 9*i + 7. Let k be a(1). What is the hundreds digit of k*2 + (1484 - 63)?
4
Suppose -4*i - 28 = -20. Let h(o) = -625*o - 8. Let c be h(i). Suppose -10*k + 4*k = -c. What is the hundreds digit of k?
2
Let s be (-20)/140 - 1706/14. Let c = s + 124. What is the units digit of c?
2
Suppose 15*z = 11*z - 2420. Let v = -183 - z. What is the units digit of v?
2
Suppose -9*v + 5*v + 3*d + 79 = 0, -2*v - 2*d + 22 = 0. What is the tens digit of (4/(v/(-3378)))/((-135)/90)?
6
Let k = 153 - 153. Suppose k = -3*m + 4*c - 473 + 1594, 3*c + 1122 = 3*m. What is the units digit of m?
5
Suppose 72*l - 68*l - 20 = 0. Suppose -1330 = -l*p + 2065. What is the units digit of p?
9
Let g(u) = 2*u**2 - 33*u - 10. Let z be g(18). Let q = z + -39. Suppose a - q*v = 78, 312 = 4*a + 3*v + v. What is the units digit of a?
8
Suppose 2*z + 4*j = 14, -3*j + 7*j = -5*z + 23. Let r be (-8)/12*-3 - z. What is the units digit of r + (-4)/(12/(-69))?
2
Let i be -1*(-10 + 4)/(-1). Let u be 2/i*1 + (-20)/12. What is the units digit of 158/(u - -4) + 0?
9
Let u(m) = 5*m - 38. Let z be u(8). What is the tens digit of ((-224)/40 - -8)*625/z?
5
Let w be -28*(3/(-2) + 1). Suppose -w = 5*g - 29. Suppose -g*q - 94 = -2*c, 3*c - 3*q = -c + 200. What is the units digit of c?
3
Suppose 30093 = -106*c + 146*c - 1788227. What is the hundreds digit of c?
4
Let c be (-1)/2 + 0 + 198/36. Let z be 184/(4 - 22/c). Let t = z - -681. What is the units digit of t?
1
Suppose 0 = -5*n + n - b + 21164, 2*b - 5284 = -n. Suppose -55*s + 73*s = n. What is the tens digit of s?
9
Let m be (-27)/(-63) - (-8)/14. Let f be m + (-5427)/(-15) - (-1)/5. Suppose -13*i + 638 = -f. What is the tens digit of i?
7
Let a(m) = 6476*m - 542. What is the thousands digit of a(2)?
2
Suppose 14*c = 15*c - 7, 5*a + 3*c = 105926. What is the hundreds digit of a?
1
Suppose -9*h + 12*h + 2*y = 42527, -5*h = 4*y - 70879. What is the units digit of h?
5
What is the hundreds digit of (-40 - -7747) + 4 + 1?
7
Suppose 217 - 9337 = -8*u. What is the units digit of u?
0
What is the thousands digit of (-46)/(-6)*((-11288)/(-19) + (-16)/152)?
4
Suppose -27*f - 89982 = -69*f + 40*f. What is the thousands digit of f?
4
Let h(j) = -560*j + 23248. What is the ten thousands digit of h(0)?
2
Let a(r) = -4*r + 54 - 5*r + 17*r - 6*r. Let o be a(-18). What is the units digit of 1832/o - 8/(-36)?
2
Suppose 8 = 3*d + 3*q + 26, 5*d = 2*q - 37. Let i(y) = y**3 + 9*y**2 + 9*y + 16. What is the units digit of i(d)?
1
Suppose 43*t + 28*t - 157792 = 55*t. What is the thousands digit of t?
9
Let l(n) = 8*n - 5. Let k(o) = o + 16. Let m(c) = 2*c + 24. Let s(g) = 7*k(g) - 5*m(g). Let y be s(-5). What is the tens digit of l(y)?
5
Let w be -4 - (-42)/(-24) - 2/8. Let j(i) = 5*i + 33. Let b be j(w). Suppose 19 = b*r - 2. What is the units digit of r?
7
Suppose -4*w = 7*l - 10*l - 16, 0 = -3*w - 4*l + 12. Suppose 2*i + w*v - 361 - 705 = 0, -2*v + 6 = 0. What is the tens digit of i?
2
What is the hundreds digit of ((-1943286)/815)/(-1 - 14/(-20))?
9
Suppose -368 = 22*q - 18*q. Let t = -58 - q. Suppose r - 166 = t. What is the units digit of r?
0
Suppose -3*k - 12 = 0, 3*y - 2*k - 2034 = -181. Suppose 35*g - y = 32*g. What is the units digit of g?
5
Let m(a) be the third derivative of a**6/120 - a**5/10 + a**4/6 - 17*a**3/6 - 3*a**2. Let u be (-12)/21 + ((-53)/(-7) - 0). What is the units digit of m(u)?
0
Let w(r) = -7*r + 14. Let f be w(-13). Let z = f - -54. Suppose z = 3*s - 108. What is the tens digit of s?
8
Suppose 0 = -3*j - 9, -9705 + 51674 = 2*v - 5*j. Suppose 51*h = 40*h + v. What is the hundreds digit of h?
9
Suppose b = -20*b + 69256 + 58025. What is the thousands digit of b?
6
Let b = -36 - -37. Let u(z) = 45*z**3 + 2*z**2 - z. Let l be u(b). Suppose -3*r - l = -2*v + r, -3*r = v - 38. What is the tens digit of v?
2
Suppose -3732 = -4*n + 15*g - 19*g, -4*n = 3*g - 3737. Let p = n + 58. What is the hundreds digit of p?
9
Let r = 260 - 256. Suppose r*y = 252 + 32. What is the units digit of y?
1
Let h = -29707 + 46253. What is the thousands digit of h?
6
What is the tens digit of (-34777)/(-5) - ((-516)/60 + 9)?
5
Let r(i) = -i - 1. Let o(b) = -23*b - 49. Let w(u) = o(u) - 5*r(u). What is the units digit of w(-19)?
8
Suppose 0 = u + 6*u - 14. Suppose 177 = u*s - 37. Let k = s - 60. What is the tens digit of k?
4
What is the tens digit of (-8493 - -96)*(6/(-45))/(2/10)?
9
Let w(o) = 237*o + 84. Let l(d) = -79*d - 28. Let r(u) = -11*l(u) - 4*w(u). What is the hundreds digit of r(-5)?
3
Let l = 201140 + -110303. What is the thousands digit of l?
0
Let a = 46 + -41. Suppose -3*j = -x - 3*x - 775, -a*j + 1286 = -x. What is the hundreds digit of j?
2
Let r(i) = 233*i + 15. Let s = -187 - -190. What is the hundreds digit of r(s)?
7
Let d(q) = 6*q + 195. Let u be d(8). What is the hundreds digit of (-2 + -12 - -7) + u?
2
Let b(t) = t - 6. Let j be b(9). Suppose 3 = 5*l - 3*h, 4*l - 11 = -j*h + 13. Suppose -140 = g - l*g. What is the tens digit of g?
7
Suppose -17*j + 50 = -7*j. Suppose y - 3*n + 4*n = 21, 2*y = -j*n + 48. What is the units digit of y?
9
Suppose 7*y + 71 = 106. Suppose -y*q - 695 = -2*g + 1485, 0 = -4*q + 8. What is the tens digit of g?
9
Let o = 5054 + -2439. Let j = -1537 + o. What is the units digit of j?
8
What is the units digit of ((-590)/236)/((-3027)/(-1514) + -2)?
5
What is the thousands digit of (32/140)/((-16)/(-40)) - 293446/(-14)?
0
Let o = 22300 - 7331. What is the hundreds digit of o?
9
Let p(y) = -y**2 - 36*y - 34. Let z be p(38). Let s = z - -4367. What is the units digit of s?
1
Let l(j) = 4*j**2 + 5*j - 26. Let r be l(9). Suppose -u = 5, -4*c + u + r + 18 = 0. What is the tens digit of c?
8
Suppose -41*w - 42*w + 1074103 = -31706. What is the tens digit of w?
2
Let s be 6/(-8) - 19/(-4). Suppose 3 = -2*r - s*b + 7, -5*r + 3 = 3*b. What is the hundreds digit of 3 + (r - 7) + 122?
1
Suppose 5*f = -4*w - 49 + 5, -16 = 2*w + f. Let u be (154/w)/((-5)/(-15)). Let t = u + 202. What is the tens digit of t?
2
Suppose -m + 11*m = -900. What is the hundreds digit of (-50634)/m - 8/(-20)?
5
Suppose -3947*s = -3919*s - 448336. What is the hundreds digit of s?
0
Suppose 0 = 5*t - 2*t + 11331. What is the tens digit of t/(-7) + 4 + 16/(-28)?
4
Let l = 150 + -131. Let f(z) = l*z + 36 - z**3 + 12 - 21*z + 2*z**3 + z**2. What is the tens digit of f(0)?
4
Let l(v) = -v**3 + 14*v**2 + 17*v + 3. Let s be l(14). Let m = s - 148. What is the units digit of m?
3
Let b b